{"id":476,"date":"2020-04-08T09:27:03","date_gmt":"2020-04-08T09:27:03","guid":{"rendered":"https:\/\/sirgas.ipgh.org\/simposio-2024\/all-courses\/"},"modified":"2024-11-15T19:00:17","modified_gmt":"2024-11-15T19:00:17","slug":"programa","status":"publish","type":"page","link":"https:\/\/sirgas.ipgh.org\/simposio-2024\/programa\/","title":{"rendered":"PROGRAMA"},"content":{"rendered":"\t\t<div data-elementor-type=\"wp-page\" data-elementor-id=\"476\" class=\"elementor elementor-476\">\n\t\t\t\t\t\t\t\t\t<section class=\"elementor-section elementor-top-section elementor-element elementor-element-79dde01 elementor-section-boxed elementor-section-height-default elementor-section-height-default\" data-id=\"79dde01\" data-element_type=\"section\" data-settings=\"{&quot;background_background&quot;:&quot;classic&quot;}\">\n\t\t\t\t\t\t\t<div class=\"elementor-background-overlay\"><\/div>\n\t\t\t\t\t\t\t<div class=\"elementor-container elementor-column-gap-no\">\n\t\t\t\t\t<div class=\"elementor-column elementor-col-50 elementor-top-column elementor-element elementor-element-80293b9\" data-id=\"80293b9\" data-element_type=\"column\">\n\t\t\t<div class=\"elementor-widget-wrap elementor-element-populated\">\n\t\t\t\t\t\t\t\t<div class=\"elementor-element elementor-element-de8583b elementor-widget elementor-widget-heading\" data-id=\"de8583b\" data-element_type=\"widget\" data-widget_type=\"heading.default\">\n\t\t\t\t<div class=\"elementor-widget-container\">\n\t\t\t<style>\/*! elementor - v3.11.5 - 14-03-2023 *\/\n.elementor-heading-title{padding:0;margin:0;line-height:1}.elementor-widget-heading .elementor-heading-title[class*=elementor-size-]>a{color:inherit;font-size:inherit;line-height:inherit}.elementor-widget-heading .elementor-heading-title.elementor-size-small{font-size:15px}.elementor-widget-heading .elementor-heading-title.elementor-size-medium{font-size:19px}.elementor-widget-heading .elementor-heading-title.elementor-size-large{font-size:29px}.elementor-widget-heading .elementor-heading-title.elementor-size-xl{font-size:39px}.elementor-widget-heading .elementor-heading-title.elementor-size-xxl{font-size:59px}<\/style><h1 class=\"elementor-heading-title elementor-size-xxl\">PROGRAMA E\nINSCRIPCI\u00d3N<\/h1>\t\t<\/div>\n\t\t\t\t<\/div>\n\t\t\t\t\t<\/div>\n\t\t<\/div>\n\t\t\t\t<div class=\"elementor-column elementor-col-50 elementor-top-column elementor-element elementor-element-9891f8d elementor-invisible\" data-id=\"9891f8d\" data-element_type=\"column\" data-settings=\"{&quot;animation&quot;:&quot;fadeInUp&quot;}\">\n\t\t\t<div class=\"elementor-widget-wrap elementor-element-populated\">\n\t\t\t\t\t\t\t\t<div class=\"elementor-element elementor-element-ea1d0ef elementor-widget__width-inherit elementor-widget elementor-widget-text-editor\" data-id=\"ea1d0ef\" data-element_type=\"widget\" data-widget_type=\"text-editor.default\">\n\t\t\t\t<div class=\"elementor-widget-container\">\n\t\t\t<style>\/*! elementor - v3.11.5 - 14-03-2023 *\/\n.elementor-widget-text-editor.elementor-drop-cap-view-stacked .elementor-drop-cap{background-color:#818a91;color:#fff}.elementor-widget-text-editor.elementor-drop-cap-view-framed .elementor-drop-cap{color:#818a91;border:3px solid;background-color:transparent}.elementor-widget-text-editor:not(.elementor-drop-cap-view-default) .elementor-drop-cap{margin-top:8px}.elementor-widget-text-editor:not(.elementor-drop-cap-view-default) .elementor-drop-cap-letter{width:1em;height:1em}.elementor-widget-text-editor .elementor-drop-cap{float:left;text-align:center;line-height:1;font-size:50px}.elementor-widget-text-editor .elementor-drop-cap-letter{display:inline-block}<\/style>\t\t\t\t<h1><span style=\"color: #ffffff;\"><strong><a href=\"https:\/\/sirgas.ipgh.org\/simposio-2024\/\"><img loading=\"lazy\" decoding=\"async\" class=\"alignnone size-full wp-image-2616\" src=\"https:\/\/sirgas.ipgh.org\/simposio-2024\/wp-content\/uploads\/2024\/09\/LOGO_SIRGAS_BLANCO.svg\" alt=\"logo simposio sirgas 2024\" width=\"1200\" height=\"672\" \/><\/a><\/strong><\/span><\/h1>\n<p style=\"border: 1px solid #ffffff;text-align: center;color: #ffffff;\"><strong>Bogot\u00e1 \u2013 18 al 21 de noviembre de 2024<\/strong><\/p>\t\t\t\t\t\t<\/div>\n\t\t\t\t<\/div>\n\t\t\t\t\t<\/div>\n\t\t<\/div>\n\t\t\t\t\t\t\t<\/div>\n\t\t<\/section>\n\t\t\t\t<section class=\"elementor-section elementor-top-section elementor-element elementor-element-sdatoq8 elementor-section-content-top elementor-section-boxed elementor-section-height-default elementor-section-height-default\" data-id=\"sdatoq8\" data-element_type=\"section\" data-settings=\"{&quot;background_background&quot;:&quot;classic&quot;}\">\n\t\t\t\t\t\t\t<div class=\"elementor-background-overlay\"><\/div>\n\t\t\t\t\t\t\t<div class=\"elementor-container elementor-column-gap-no\">\n\t\t\t\t\t<div class=\"elementor-column elementor-col-100 elementor-top-column elementor-element elementor-element-51e9076\" data-id=\"51e9076\" data-element_type=\"column\">\n\t\t\t<div class=\"elementor-widget-wrap elementor-element-populated\">\n\t\t\t\t\t\t\t\t<div class=\"elementor-element elementor-element-56a29a9 elementor-widget elementor-widget-text-editor\" data-id=\"56a29a9\" data-element_type=\"widget\" data-widget_type=\"text-editor.default\">\n\t\t\t\t<div class=\"elementor-widget-container\">\n\t\t\t\t\t\t\t<h2 style=\"text-align: center;\">Programa Preliminar del evento Simposio SIRGAS 2024<\/h2>\t\t\t\t\t\t<\/div>\n\t\t\t\t<\/div>\n\t\t\t\t<div class=\"elementor-element elementor-element-474d512 elementor-align-center elementor-widget elementor-widget-button\" data-id=\"474d512\" data-element_type=\"widget\" data-widget_type=\"button.default\">\n\t\t\t\t<div class=\"elementor-widget-container\">\n\t\t\t\t\t<div class=\"elementor-button-wrapper\">\n\t\t\t<a href=\"https:\/\/sirgas.ipgh.org\/simposio-2024\/wp-content\/uploads\/2024\/11\/Espanol-15-11-24-2.pdf\" target=\"_blank\" class=\"elementor-button-link elementor-button elementor-size-sm\" role=\"button\">\n\t\t\t\t\t\t<span class=\"elementor-button-content-wrapper\">\n\t\t\t\t\t\t<span class=\"elementor-button-text\">Haz clic aqu\u00ed para descargar el programa en espa\u00f1ol<\/span>\n\t\t<\/span>\n\t\t\t\t\t<\/a>\n\t\t<\/div>\n\t\t\t\t<\/div>\n\t\t\t\t<\/div>\n\t\t\t\t<div class=\"elementor-element elementor-element-22592ae elementor-align-center elementor-widget elementor-widget-button\" data-id=\"22592ae\" data-element_type=\"widget\" data-widget_type=\"button.default\">\n\t\t\t\t<div class=\"elementor-widget-container\">\n\t\t\t\t\t<div class=\"elementor-button-wrapper\">\n\t\t\t<a href=\"https:\/\/sirgas.ipgh.org\/simposio-2024\/wp-content\/uploads\/2024\/11\/English-15-11-24-.pdf\" target=\"_blank\" class=\"elementor-button-link elementor-button elementor-size-sm\" role=\"button\">\n\t\t\t\t\t\t<span class=\"elementor-button-content-wrapper\">\n\t\t\t\t\t\t<span class=\"elementor-button-text\">Haz clic aqu\u00ed para descargar el programa en ingl\u00e9s<\/span>\n\t\t<\/span>\n\t\t\t\t\t<\/a>\n\t\t<\/div>\n\t\t\t\t<\/div>\n\t\t\t\t<\/div>\n\t\t\t\t<div class=\"elementor-element elementor-element-67d279d elementor-align-center elementor-widget elementor-widget-button\" data-id=\"67d279d\" data-element_type=\"widget\" data-widget_type=\"button.default\">\n\t\t\t\t<div class=\"elementor-widget-container\">\n\t\t\t\t\t<div class=\"elementor-button-wrapper\">\n\t\t\t<a href=\"https:\/\/sirgas.ipgh.org\/simposio-2024\/wp-content\/uploads\/2024\/11\/English-15-11-24-2-.pdf\" target=\"_blank\" class=\"elementor-button-link elementor-button elementor-size-sm\" role=\"button\">\n\t\t\t\t\t\t<span class=\"elementor-button-content-wrapper\">\n\t\t\t\t\t\t<span class=\"elementor-button-text\">Haz clic aqu\u00ed para descargar el programa en portugu\u00e9s<\/span>\n\t\t<\/span>\n\t\t\t\t\t<\/a>\n\t\t<\/div>\n\t\t\t\t<\/div>\n\t\t\t\t<\/div>\n\t\t\t\t<div class=\"elementor-element elementor-element-3e8aea4 elementor-widget elementor-widget-text-editor\" data-id=\"3e8aea4\" data-element_type=\"widget\" data-widget_type=\"text-editor.default\">\n\t\t\t\t<div class=\"elementor-widget-container\">\n\t\t\t\t\t\t\t<p><img loading=\"lazy\" decoding=\"async\" class=\" wp-image-2727 aligncenter\" src=\"https:\/\/sirgas.ipgh.org\/simposio-2024\/wp-content\/uploads\/2024\/09\/WB-Fachada-3-300x200.jpeg\" alt=\"\" width=\"654\" height=\"436\" srcset=\"https:\/\/sirgas.ipgh.org\/simposio-2024\/wp-content\/uploads\/2024\/09\/WB-Fachada-3-300x200.jpeg 300w, https:\/\/sirgas.ipgh.org\/simposio-2024\/wp-content\/uploads\/2024\/09\/WB-Fachada-3-1024x682.jpeg 1024w, https:\/\/sirgas.ipgh.org\/simposio-2024\/wp-content\/uploads\/2024\/09\/WB-Fachada-3-768x511.jpeg 768w, https:\/\/sirgas.ipgh.org\/simposio-2024\/wp-content\/uploads\/2024\/09\/WB-Fachada-3.jpeg 1280w\" sizes=\"(max-width: 654px) 100vw, 654px\" \/><\/p>\t\t\t\t\t\t<\/div>\n\t\t\t\t<\/div>\n\t\t\t\t\t<\/div>\n\t\t<\/div>\n\t\t\t\t\t\t\t<\/div>\n\t\t<\/section>\n\t\t\t\t<section class=\"elementor-section elementor-top-section elementor-element elementor-element-d18a609 elementor-section-boxed elementor-section-height-default elementor-section-height-default\" data-id=\"d18a609\" data-element_type=\"section\">\n\t\t\t\t\t\t<div class=\"elementor-container elementor-column-gap-default\">\n\t\t\t\t\t<div class=\"elementor-column elementor-col-50 elementor-top-column elementor-element elementor-element-a41239e\" data-id=\"a41239e\" data-element_type=\"column\">\n\t\t\t<div class=\"elementor-widget-wrap elementor-element-populated\">\n\t\t\t\t\t\t\t\t<div class=\"elementor-element elementor-element-295fd43 elementor-widget elementor-widget-text-editor\" data-id=\"295fd43\" data-element_type=\"widget\" data-widget_type=\"text-editor.default\">\n\t\t\t\t<div class=\"elementor-widget-container\">\n\t\t\t\t\t\t\t<div class=\"row\"><div class=\"col-sm-12\"><div class=\"programa-asistentes\"><div class=\"programa-asistentes-titulo\"><h3 style=\"text-align: center;\">Asistentes<\/h3><\/div><div class=\"programa-asistentes-icono\"><p style=\"text-align: center;\"><img loading=\"lazy\" decoding=\"async\" class=\"wp-image-2815 aligncenter\" src=\"https:\/\/sirgas.ipgh.org\/simposio-2024\/wp-content\/uploads\/2024\/09\/Recurso-3.svg\" alt=\"\" width=\"147\" height=\"147\" \/><\/p><\/div><div class=\"programa-asistentes-texto\"><p style=\"text-align: center;\">Los interesados en asistir al evento deber\u00e1n registrarse en el siguiente formulario de inscripci\u00f3n, antes del 15 de octubre de 2024.<\/p><\/div><div class=\"programa-asistentes-boton\"><p style=\"text-align: center;\"><a class=\"elementor-button-link elementor-button elementor-size-sm\" href=\"https:\/\/forms.gle\/AUAvorwVuiPpKn8cA\" target=\"_blank\" rel=\"noopener\">Formulario de Inscripci\u00f3n<\/a><\/p><\/div><\/div><\/div><\/div>\t\t\t\t\t\t<\/div>\n\t\t\t\t<\/div>\n\t\t\t\t\t<\/div>\n\t\t<\/div>\n\t\t\t\t<div class=\"elementor-column elementor-col-50 elementor-top-column elementor-element elementor-element-3e75e87\" data-id=\"3e75e87\" data-element_type=\"column\">\n\t\t\t<div class=\"elementor-widget-wrap elementor-element-populated\">\n\t\t\t\t\t\t\t\t<div class=\"elementor-element elementor-element-fc1df6f elementor-widget elementor-widget-text-editor\" data-id=\"fc1df6f\" data-element_type=\"widget\" data-widget_type=\"text-editor.default\">\n\t\t\t\t<div class=\"elementor-widget-container\">\n\t\t\t\t\t\t\t<div class=\"row\"><div class=\"col-sm-12\"><div class=\"programa-asistentes\"><div class=\"programa-asistentes-titulo\"><h3 style=\"text-align: center;\">Expositores<\/h3><\/div><div class=\"programa-asistentes-icono\"><img loading=\"lazy\" decoding=\"async\" class=\"wp-image-2815 aligncenter\" src=\"https:\/\/sirgas.ipgh.org\/simposio-2024\/wp-content\/uploads\/2024\/09\/Recurso-4.svg\" alt=\"\" width=\"99\" height=\"147\" \/><\/div><div class=\"programa-asistentes-texto\"><p style=\"text-align: center;\">Las postulaciones para presentaciones se realizar\u00e1n enviando un resumen de no m\u00e1s de 2.000 caracteres, a trav\u00e9s del formulario para expositores y deber\u00e1n de enviarse antes del 01 de octubre de 2024.<\/p><\/div><div class=\"programa-asistentes-boton\"><p style=\"text-align: center;\"><a class=\"elementor-button-link elementor-button elementor-size-sm\" href=\"https:\/\/forms.gle\/C5sPKRgmYUJRnK6n9\" target=\"_blank\" rel=\"noopener\">Formulario de Inscripci\u00f3n<\/a><\/p><\/div><\/div><\/div><\/div>\t\t\t\t\t\t<\/div>\n\t\t\t\t<\/div>\n\t\t\t\t\t<\/div>\n\t\t<\/div>\n\t\t\t\t\t\t\t<\/div>\n\t\t<\/section>\n\t\t\t\t<section class=\"elementor-section elementor-top-section elementor-element elementor-element-6ec87cd elementor-section-boxed elementor-section-height-default elementor-section-height-default\" data-id=\"6ec87cd\" data-element_type=\"section\">\n\t\t\t\t\t\t<div class=\"elementor-container elementor-column-gap-default\">\n\t\t\t\t\t<div class=\"elementor-column elementor-col-100 elementor-top-column elementor-element elementor-element-2c29d30\" data-id=\"2c29d30\" data-element_type=\"column\">\n\t\t\t<div class=\"elementor-widget-wrap elementor-element-populated\">\n\t\t\t\t\t\t\t\t<div class=\"elementor-element elementor-element-202cea5 elementor-widget elementor-widget-text-editor\" data-id=\"202cea5\" data-element_type=\"widget\" data-widget_type=\"text-editor.default\">\n\t\t\t\t<div class=\"elementor-widget-container\">\n\t\t\t\t\t\t\t<h2 style=\"text-align: center;\">Apoyo econ\u00f3mico<\/h2><h3 style=\"text-align: center;\">\u00bfQuieres participar como conferencista o expositor en el<\/h3><p><span style=\"color: #ffffff;\"><img loading=\"lazy\" decoding=\"async\" class=\"wp-image-3014 aligncenter\" src=\"https:\/\/sirgas.ipgh.org\/simposio-2024\/wp-content\/uploads\/2024\/09\/LOGO_SIRGAS_NEGRO-300x138.png\" alt=\"\" width=\"467\" height=\"215\" srcset=\"https:\/\/sirgas.ipgh.org\/simposio-2024\/wp-content\/uploads\/2024\/09\/LOGO_SIRGAS_NEGRO-300x138.png 300w, https:\/\/sirgas.ipgh.org\/simposio-2024\/wp-content\/uploads\/2024\/09\/LOGO_SIRGAS_NEGRO-1024x471.png 1024w, https:\/\/sirgas.ipgh.org\/simposio-2024\/wp-content\/uploads\/2024\/09\/LOGO_SIRGAS_NEGRO-768x353.png 768w, https:\/\/sirgas.ipgh.org\/simposio-2024\/wp-content\/uploads\/2024\/09\/LOGO_SIRGAS_NEGRO-1536x707.png 1536w, https:\/\/sirgas.ipgh.org\/simposio-2024\/wp-content\/uploads\/2024\/09\/LOGO_SIRGAS_NEGRO-2048x943.png 2048w\" sizes=\"(max-width: 467px) 100vw, 467px\" \/><\/span><\/p><p>El <strong>Instituto Panamericano de Geograf\u00eda e Historia &#8211; IPGH,<\/strong> abre la <strong>convocatoria de apoyos econ\u00f3micos<\/strong> para aquellas personas que deseen contribuir a este importante espacio.<\/p><div class=\"row\"><div class=\"col-md-3\">\u00a0<\/div><div class=\"col-md-3\"><div class=\"programa-asistentes-s\"><p style=\"text-align: center;\"><img loading=\"lazy\" decoding=\"async\" class=\" wp-image-2815 aligncenter\" src=\"https:\/\/sirgas.ipgh.org\/simposio-2024\/wp-content\/uploads\/2024\/09\/Recurso-3.svg\" alt=\"\" width=\"45\" height=\"45\" \/>Dirigido a mayores de <strong>35 a\u00f1os<\/strong><\/p><\/div><\/div><div class=\"col-md-3\"><div class=\"programa-asistentes-s\"><p style=\"text-align: center;\"><img loading=\"lazy\" decoding=\"async\" class=\"wp-image-2857 aligncenter\" src=\"https:\/\/sirgas.ipgh.org\/simposio-2024\/wp-content\/uploads\/2024\/09\/money.svg\" alt=\"\" width=\"50\" height=\"34\" \/>Auxilio econ\u00f3mico de m\u00e1ximo <strong>200 d\u00f3lares<\/strong><\/p><\/div><\/div><div class=\"col-md-3\">\u00a0<\/div><\/div><div class=\"row\"><div class=\"col-md-3\">\u00a0<\/div><div class=\"col-md-3\"><div class=\"programa-asistentes-s\"><p style=\"text-align: center;\"><strong>Post\u00falate en: <\/strong><\/p><p style=\"text-align: center;\"><a class=\"elementor-button-link elementor-button elementor-size-sm\" href=\"https:\/\/forms.gle\/C5sPKRgmYUJRnK6n9\" target=\"_blank\" rel=\"noopener\">Haz clic aqu\u00ed <img loading=\"lazy\" decoding=\"async\" class=\"alignnone wp-image-2864\" src=\"https:\/\/sirgas.ipgh.org\/simposio-2024\/wp-content\/uploads\/2024\/09\/click.svg\" alt=\"\" width=\"23\" height=\"23\" \/><\/a><\/p><\/div><\/div><div class=\"col-md-3\"><div class=\"programa-asistentes-s\"><p style=\"text-align: center;\"><strong>Hasta: <\/strong><\/p><p style=\"text-align: center;\">31 de octubre de 2024<\/p><\/div><\/div><div class=\"col-md-3\">\u00a0<\/div><\/div><h3>\u00a0<\/h3><h3 style=\"text-align: center;\">Deber\u00e1s presentar:<\/h3><ul><li><strong>Carta<\/strong> que avale el apoyo de la Instituci\u00f3n que representas.<\/li><li><strong>Carta dirigida al Comit\u00e9 Ejecutivo de SIRGAS<\/strong> indicando el <strong>pa\u00eds<\/strong> que representas, <strong>los motivos<\/strong> por los cuales requieres el apoyo econ\u00f3mico y el <strong>tipo de apoyo<\/strong> que recibir\u00e1s de tu Instituci\u00f3n.<\/li><li><strong>Resumen<\/strong> que describa el <strong>aporte o contribuci\u00f3n<\/strong> a presentar en el SIMPOSIO (no debe superar los 2.000 caracteres).<\/li><li>Los menores de <strong>35 a\u00f1os<\/strong>, pueden enviar su solicitud ante la <strong>Asociaci\u00f3n Internacional de Geodesia (IAG)<\/strong> en:<br \/><a href=\"https:\/\/www.iag-aig.org\/awards\/travelgrant\" target=\"_blank\" rel=\"noopener\"><strong>https:\/\/www.iag-aig.org\/awards\/travelgrant<\/strong><\/a><\/li><li>Y enviar una copia al correo <strong><a href=\"mailto:sirgasipgh@gmail.com\">sirgasipgh@gmail.com<\/a><\/strong> con el fin de avalar la participaci\u00f3n al simposio.<\/li><\/ul>\t\t\t\t\t\t<\/div>\n\t\t\t\t<\/div>\n\t\t\t\t\t<\/div>\n\t\t<\/div>\n\t\t\t\t\t\t\t<\/div>\n\t\t<\/section>\n\t\t\t\t<section class=\"elementor-section elementor-top-section elementor-element elementor-element-4c7bb18 elementor-section-content-middle elementor-section-boxed elementor-section-height-default elementor-section-height-default\" data-id=\"4c7bb18\" data-element_type=\"section\">\n\t\t\t\t\t\t<div class=\"elementor-container elementor-column-gap-no\">\n\t\t\t\t\t<div class=\"elementor-column elementor-col-100 elementor-top-column elementor-element elementor-element-e145799\" data-id=\"e145799\" data-element_type=\"column\">\n\t\t\t<div class=\"elementor-widget-wrap elementor-element-populated\">\n\t\t\t\t\t\t\t\t<section class=\"elementor-section elementor-inner-section elementor-element elementor-element-e1818e0 elementor-section-boxed elementor-section-height-default elementor-section-height-default\" data-id=\"e1818e0\" data-element_type=\"section\">\n\t\t\t\t\t\t<div class=\"elementor-container elementor-column-gap-no\">\n\t\t\t\t\t<div class=\"elementor-column elementor-col-100 elementor-inner-column elementor-element elementor-element-f274031\" data-id=\"f274031\" data-element_type=\"column\">\n\t\t\t<div class=\"elementor-widget-wrap elementor-element-populated\">\n\t\t\t\t\t\t\t\t<div class=\"elementor-element elementor-element-14e1137 elementor-widget elementor-widget-text-editor\" data-id=\"14e1137\" data-element_type=\"widget\" data-widget_type=\"text-editor.default\">\n\t\t\t\t<div class=\"elementor-widget-container\">\n\t\t\t\t\t\t\t<div class=\"row\"><div class=\"col-sm-12\"><div class=\"programa-info-expositor\"><h2 style=\"text-align: center;\">M\u00e1s informaci\u00f3n<\/h2><h3 style=\"text-align: center;\">Expositores<\/h3><p><img loading=\"lazy\" decoding=\"async\" class=\"wp-image-2815 aligncenter\" src=\"https:\/\/sirgas.ipgh.org\/simposio-2024\/wp-content\/uploads\/2024\/09\/Recurso-4.svg\" alt=\"\" width=\"147\" height=\"147\" \/><\/p><p style=\"text-align: center;\">El formulario de inscripci\u00f3n deber\u00e1 enmarcarse en los ejes tem\u00e1ticos del programa del evento y ser\u00e1 evaluado por el Comit\u00e9 Cient\u00edfico y Comit\u00e9 Ejecutivo de SIRGAS.<\/p><p style=\"text-align: center;\"><strong>Las modalidades de presentaci\u00f3n ser\u00e1n las siguientes:<\/strong><\/p><div class=\"programa-info-expositor-item\"><p><strong>Conferencia Magistral:<\/strong> Presentaci\u00f3n de 30 minutos o m\u00e1s de duraci\u00f3n.<\/p><\/div><div class=\"programa-info-expositor-item\"><p><strong>Ponencias:<\/strong> Son presentaciones orales de 20 minutos de duraci\u00f3n m\u00e1s 5 minutos para preguntas. Plantilla detallada sobre el formato necesario para la presentaci\u00f3n en PowerPoint, junto con los logotipos correspondientes.<\/p><p style=\"text-align: left;\"><a class=\"elementor-button-link elementor-button elementor-size-sm\" href=\"https:\/\/sirgas.ipgh.org\/simposio-2024\/wp-content\/uploads\/2024\/04\/FORMATO-PPT.zip\" target=\"_blank\" rel=\"noopener\">Plantilla detallada sobre el formato necesario para la presentaci\u00f3n en PowerPoint, junto con los logotipos correspondientes, estar\u00e1n disponibles para su descarga.<\/a><\/p><\/div><div class=\"programa-info-expositor-item\"><p><strong>Posters\/Banners:<\/strong> Las instrucciones detalladas sobre el formato necesario para la creaci\u00f3n de posters o banners, incluyendo medidas precisas y los logotipos correspondientes.<\/p><p><a class=\"elementor-button-link elementor-button elementor-size-sm\" style=\"text-decoration-line: underline;\" href=\"https:\/\/sirgas.ipgh.org\/simposio-2024\/wp-content\/uploads\/2024\/04\/FORMATO-BANNER-O-POSTER.zip\"><strong>Descargar material<\/strong><\/a><\/p><\/div><\/div><\/div><\/div>\t\t\t\t\t\t<\/div>\n\t\t\t\t<\/div>\n\t\t\t\t\t<\/div>\n\t\t<\/div>\n\t\t\t\t\t\t\t<\/div>\n\t\t<\/section>\n\t\t\t\t\t<\/div>\n\t\t<\/div>\n\t\t\t\t\t\t\t<\/div>\n\t\t<\/section>\n\t\t\t\t\t\t\t<\/div>\n\t\t","protected":false},"excerpt":{"rendered":"<p>PROGRAMA E INSCRIPCI\u00d3N Bogot\u00e1 \u2013 18 al 21 de noviembre de 2024 Programa Preliminar del evento Simposio SIRGAS 2024 Haz clic aqu\u00ed para descargar el programa en espa\u00f1ol Haz clic aqu\u00ed para descargar el programa en ingl\u00e9s Haz clic aqu\u00ed para descargar el programa en portugu\u00e9s Asistentes Los interesados en asistir al evento deber\u00e1n registrarse [&hellip;]<\/p>\n","protected":false},"author":1,"featured_media":0,"parent":0,"menu_order":0,"comment_status":"closed","ping_status":"closed","template":"","meta":{"site-sidebar-layout":"no-sidebar","site-content-layout":"page-builder","ast-site-content-layout":"","site-content-style":"default","site-sidebar-style":"default","ast-global-header-display":"","ast-banner-title-visibility":"","ast-main-header-display":"","ast-hfb-above-header-display":"","ast-hfb-below-header-display":"","ast-hfb-mobile-header-display":"","site-post-title":"disabled","ast-breadcrumbs-content":"disabled","ast-featured-img":"disabled","footer-sml-layout":"","theme-transparent-header-meta":"enabled","adv-header-id-meta":"","stick-header-meta":"","header-above-stick-meta":"","header-main-stick-meta":"","header-below-stick-meta":"","astra-migrate-meta-layouts":"default","ast-page-background-enabled":"default","ast-page-background-meta":{"desktop":{"background-color":"","background-image":"","background-repeat":"repeat","background-position":"center center","background-size":"auto","background-attachment":"scroll","background-type":"","background-media":"","overlay-type":"","overlay-color":"","overlay-opacity":"","overlay-gradient":""},"tablet":{"background-color":"","background-image":"","background-repeat":"repeat","background-position":"center center","background-size":"auto","background-attachment":"scroll","background-type":"","background-media":"","overlay-type":"","overlay-color":"","overlay-opacity":"","overlay-gradient":""},"mobile":{"background-color":"","background-image":"","background-repeat":"repeat","background-position":"center center","background-size":"auto","background-attachment":"scroll","background-type":"","background-media":"","overlay-type":"","overlay-color":"","overlay-opacity":"","overlay-gradient":""}},"ast-content-background-meta":{"desktop":{"background-color":"var(--ast-global-color-5)","background-image":"","background-repeat":"repeat","background-position":"center center","background-size":"auto","background-attachment":"scroll","background-type":"","background-media":"","overlay-type":"","overlay-color":"","overlay-opacity":"","overlay-gradient":""},"tablet":{"background-color":"var(--ast-global-color-5)","background-image":"","background-repeat":"repeat","background-position":"center center","background-size":"auto","background-attachment":"scroll","background-type":"","background-media":"","overlay-type":"","overlay-color":"","overlay-opacity":"","overlay-gradient":""},"mobile":{"background-color":"var(--ast-global-color-5)","background-image":"","background-repeat":"repeat","background-position":"center center","background-size":"auto","background-attachment":"scroll","background-type":"","background-media":"","overlay-type":"","overlay-color":"","overlay-opacity":"","overlay-gradient":""}},"footnotes":""},"_links":{"self":[{"href":"https:\/\/sirgas.ipgh.org\/simposio-2024\/wp-json\/wp\/v2\/pages\/476"}],"collection":[{"href":"https:\/\/sirgas.ipgh.org\/simposio-2024\/wp-json\/wp\/v2\/pages"}],"about":[{"href":"https:\/\/sirgas.ipgh.org\/simposio-2024\/wp-json\/wp\/v2\/types\/page"}],"author":[{"embeddable":true,"href":"https:\/\/sirgas.ipgh.org\/simposio-2024\/wp-json\/wp\/v2\/users\/1"}],"replies":[{"embeddable":true,"href":"https:\/\/sirgas.ipgh.org\/simposio-2024\/wp-json\/wp\/v2\/comments?post=476"}],"version-history":[{"count":279,"href":"https:\/\/sirgas.ipgh.org\/simposio-2024\/wp-json\/wp\/v2\/pages\/476\/revisions"}],"predecessor-version":[{"id":3113,"href":"https:\/\/sirgas.ipgh.org\/simposio-2024\/wp-json\/wp\/v2\/pages\/476\/revisions\/3113"}],"wp:attachment":[{"href":"https:\/\/sirgas.ipgh.org\/simposio-2024\/wp-json\/wp\/v2\/media?parent=476"}],"curies":[{"name":"wp","href":"https:\/\/api.w.org\/{rel}","templated":true}]}}